16 = 2*u. Suppose 6 = -y - 5*a, -4*y + 3*a = c + 18. What is n(y)?
7
Let w(b) = b**2 - 9*b. Let i = -195 + 199. Calculate w(i).
-20
Let f(b) be the first derivative of -24 + 3/2*b**4 + 0*b**2 + 1/3*b**3 + 0*b. Calculate f(-1).
-5
Let i(f) = 4*f**2 - 3*f - 3. Suppose n + 36 = 2*z, 2*n + 145 = -3*n + 3*z. Let m = n + 29. Give i(m).
24
Let r(m) = m**3 + 2*m**2 - 2*m + 2. Let d(i) = -i**2 - 5*i - 1. Let z be d(-4). Suppose 2*w = -z*w - 3*t + 107, 2*t = w - 24. Let j = w - 25. Determine r(j).
-1
Let y be ((-1)/(-1) + -2)*1. Let g(v) be the second derivative of 4*v + 0*v**3 + 0 + 1/2*v**2 + 1/2*v**4. What is g(y)?
7
Let w(c) = 2*c - 3. Let t(o) = -146*o - 739. Let b be t(-5). What is w(b)?
-21
Let i(v) = v**3 - 7*v**2 - 8*v + 3. Let p be i(8). Suppose w = -q + 4, 0*q - 7 = -w - 4*q. Let l(k) = -p*k**2 + 9 + 9*k - 5*k**2 + k**w - 10*k. Determine l(8).
1
Suppose -3*r + r + 40 = 0. Let l(g) = 7 + r*g - 38*g + 17*g. Calculate l(5).
2
Suppose -2*u + 1 = 3. Let b(a) = -11*a**2 - 15*a + 5. Let f(n) = -10*n**2 - 12*n + 4. Let z(i) = -4*b(i) + 5*f(i). What is z(u)?
-6
Let x(f) be the third derivative of 0*f**3 - 1/30*f**5 - 1/12*f**4 + 0 - 1/180*f**6 + 2*f**2 + 0*f. Let z(y) be the second derivative of x(y). Give z(-4).
12
Let h(s) = -40*s - 46*s + 5 + 81*s. Let c(b) = 26*b - 24. Let l(q) = 2*c(q) + 11*h(q). Let x be (-4)/10 + 32/5. Give l(x).
-11
Let x = 375 + -387. Let q(d) = d + 9. Determine q(x).
-3
Let o(v) = -4*v - 5. Let t(w) be the third derivative of -w**4/8 - 5*w**3/6 + w**2 - 3*w. Let x be 3/(-1 + 0 + 2). Let g(p) = x*t(p) - 2*o(p). Determine g(-6).
1
Let d = -25 - -31. Let f be d/33 + (-13)/11. Let z(y) = -13*y**3 - y**2 - 2*y - 1. What is z(f)?
13
Let p(s) = -7*s. Let m(f) = f + 9. Let n be m(-10). Let b be 6/((-1 + 3)/n). Let t be 0/((-9)/b) + -1. Give p(t).
7
Let l be (3 + -5 - -17) + 0. Let j be 335/l + 1/(-3). Suppose 5*c - m = -3*m - 19, 4*m = 2*c + j. Let t(p) = p**2 + 4*p + 5. Give t(c).
10
Let p = -101 - -105. Let y(h) = h - 4. Calculate y(p).
0
Let c = 6 + -3. Let h(o) = 7*o**3 + o**2 - o. Let t(s) = 43*s**3 + 3*s**2 - 3*s - 1. Let j(y) = 6*h(y) - t(y). Give j(c).
-8
Let k(x) be the third derivative of x**8/6720 - x**5/60 - x**4/6 + 8*x**2. Let p(u) be the second derivative of k(u). Let w = 0 + 0. Determine p(w).
-2
Let g(c) = c. Let q(w) = 3*w - 4. Let l be q(-8). Let h be l/(-10) + 1/5. Determine g(h).
3
Suppose -95 = 85*b + 415. Let a(z) be the third derivative of -z**5/60 - z**4/6 + z**3/6 - 2*z**2. Determine a(b).
-11
Let q(n) = -n**2 - 12*n - 2. Let g = 336 - 345. What is q(g)?
25
Let k(u) = -u**2 + 4*u + 5 + u - 15 + 5. Let s(f) = -2*f**2 + 11*f - 9. Let n(r) = -7*k(r) + 4*s(r). What is n(8)?
7
Let s(c) = -c**3 - 2935*c**2 - 4*c - 14 - 2931*c**2 + 5874*c**2. Give s(7).
7
Let z(v) = -3*v - 2. Let g be z(-2). Let h(u) = g*u + 4 + u**2 - 3 + 0*u - 5. Let d be (-2)/((2/(-3))/(-1)). Determine h(d).
-7
Let d(n) be the second derivative of -n**5/20 - 11*n**4/12 + 2*n**3 - 7*n**2/2 + 81*n. Determine d(-12).
-7
Let a(j) = -5*j**3 + 2*j**2 - 3*j + 3. Let m(h) = 4*h**3 - 2*h**2 + 3*h - 2. Let v(x) = 5*a(x) + 6*m(x). Let b be (1/(-3))/(2/174). Let g = 27 + b. Give v(g).
-3
Let d(g) = -4*g**2 + g**3 - 4*g - 3*g**2 - 2*g**2 + 5*g**2. Let z = -20 - -45. Suppose -4*n + 0*l + 8 = 3*l, -n + z = -5*l. Determine d(n).
5
Let m(i) = -7*i**2 + 1 + 37310*i + 7 - i**3 - 37305*i. Let u(r) = -r**2 - 6*r. Let z be u(-7). Determine m(z).
-27
Let x = -6 + 10. Suppose -9*n = -6*n. Let f(a) = 1 + n + a**2 + 1 + 2*a - 8*a. What is f(x)?
-6
Let q(c) = -c**3 + 4*c**2 + 3. Suppose 0 = 3*p - 24*p + 84. What is q(p)?
3
Let h(q) = -116 - 5*q - 131 - 124 + 354. Calculate h(-3).
-2
Let l(j) = j**2 - 6*j - 1. Let x be -26 + 21 - 1/1*-9. Give l(x).
-9
Let m(t) be the second derivative of -2*t**3/3 - 2*t**2 + 12*t. Let d(f) = -f. Let b = -16 + 19. Let u(l) = b*d(l) - m(l). What is u(-4)?
0
Let z(g) be the first derivative of -g**4/4 - 2*g**3 + 2*g**2 + 3*g - 50. What is z(-6)?
-21
Let b(k) = k + 2. Let j = 490 + -493. Calculate b(j).
-1
Let j be -3*4/30 - (-153)/45. Let l(o) = o**2 - 4*o - 1. Give l(j).
-4
Let h(d) = -5*d**2 + d + 3. Let m(z) = -12*z**2 + z + 6. Let r(g) = 5*h(g) - 2*m(g). Give r(-2).
-7
Let n be (-2)/(-8) + 1116/16. Let w be 190/n + (-4)/(-14). Let v(t) = -5*t + w*t - 2 + 2. Give v(1).
-2
Let y(a) = -2*a**3 + 11*a**2 - 10*a - 9. Let z(t) = 3*t**3 - 22*t**2 + 21*t + 18. Let p(r) = 5*y(r) + 3*z(r). What is p(-12)?
-3
Let g(i) = 2*i. Let y(c) = -22*c. Let b(h) = -68*g(h) - 6*y(h). Let u(o) = -18*o + 381. Let p be u(21). What is b(p)?
-12
Let g(y) = y**2 - y - 3. Suppose 2*j + 30 = 4*p, -2*p = -6*p + 5*j + 15. Suppose -b = b - p. Suppose -f + 4*u - 1 = 0, -8*u = -3*u - b. Determine g(f).
3
Let b(c) = 2*c - 8. Let a(d) = -1. Let j(q) = 2*a(q) - b(q). Suppose -1 - 23 = -4*p. Calculate j(p).
-6
Let i(o) = -2*o - 3. Let r be i(-5). Suppose 0 = b + r - 9. Let g(y) = 2*y - 3. Let q(j) = -j. Let z(n) = g(n) - 3*q(n). Calculate z(b).
7
Let q(f) = -8*f**2 - 37*f + 11. Let p be q(-5). Let z(o) = -4*o + 6. Give z(p).
22
Let x be 3 - ((-36)/3 - 5). Suppose 2*r + 32 - x = 0. Let u(y) = -y**2 - 5*y + 2. Give u(r).
-4
Let r be (99/(-27) - -5)/((-4)/(-6)). Let g(i) = 160 - 161 - i**2 + 3*i - i**r. Determine g(2).
-3
Let k(b) = -2*b**2 + 2*b - 2. Let n(m) = 11*m**2 - 21*m - 6. Let g(c) = -5*k(c) - n(c). What is g(12)?
4
Let a be (-8 - 17)/(((-2)/(-1))/2). Let s = a - -28. Let o(i) = i**3 - 5*i**2 + 3*i + 2. Determine o(s).
-7
Let t(h) = 20*h**2 + 9*h - 3. Let g(a) = 43*a**2 + 19*a - 7. Let l(j) = 6*g(j) - 13*t(j). What is l(3)?
-30
Let y be -2 + 15/(-3 - 0). Let g(i) = -2*i**2 + 12*i + 10. Let n(s) = -s**2 + s + 1. Let u(f) = g(f) - 3*n(f). Calculate u(y).
-7
Let m(f) = -3 + 4 + 3*f - 4*f - 2. Let a(p) = -10*p - 14. Let x(j) = -a(j) + 12*m(j). What is x(4)?
-6
Let h(p) = -p**3 + 5*p**2 - 3*p + 3. Let r be h(3). Let i(s) be the first derivative of -s**2 + 18*s - 82. Let v be i(r). Let u(j) = j + 3. Determine u(v).
-3
Let s be ((-1)/3)/(47/(-6) - -8). Let j(r) = 3*r + 3. What is j(s)?
-3
Let f(h) = -2*h**2 + 4*h**2 + 3*h - h**3 + 0*h**3 - 3. Let k(i) = -34*i - 1. Let t be k(1). Let w = t + 38. What is f(w)?
-3
Let r(z) be the third derivative of 1/24*z**4 + 0*z + 9*z**2 - 3/2*z**3 + 1/60*z**5 + 1/120*z**6 + 0. Calculate r(0).
-9
Let i = 59 - 57. Let g(a) = -3*a**2 + 6*a. Let x(v) = v**2 + v + 1. Let c(s) = i*x(s) + g(s). Suppose -3 = -l + 5. Give c(l).
2
Let c be (-6 - -7)/(1/13). Let z = -10 + c. Let i(s) be the third derivative of s**5/60 - s**4/12 - s**3/6 + s**2. What is i(z)?
2
Let t(q) = 7*q**2 + 5*q - 15. Let y(v) = 10*v**2 + 7*v - 23. Let a(k) = 7*t(k) - 5*y(k). Let p be -9 - (3 + (1 - 3)). Let f = -10 - p. What is a(f)?
10
Suppose -x - 12 = o, -2*x + 8 = -2*o - 0. Let v(j) = 3*j + 6*j - 22*j + 1 + 12*j. Calculate v(o).
9
Let r(w) = -2*w**2 + 2*w - 1. Let z be 4/((-16)/12)*-1. Suppose 0 = z*y + 3, 12*y - 8*y = 2*m. Calculate r(m).
-13
Suppose 5*p - 2*i - 11 = -0*i, -4*p = i - 1. Let q = 10 + p. Let u = q - 9. Let v(k) = -k + 2. What is v(u)?
0
Let z(o) = -5*o + 4. Let a(u) = -10*u + 8. Let n(d) = -4*a(d) + 7*z(d). Suppose 55*s - 42*s + 318 = -93*s. What is n(s)?
-19
Let c = -162 + 174. Let t(l) = -l**2 + 12*l + 1. Give t(c).
1
Let j be (-6*152/(-12))/2. Suppose i - m + 12 = 0, -4*i - 2*m + 4*m = j. Let t(b) = -b - 17. Determine t(i).
-10
Suppose 0 = -2*g - 20 + 36. Let j(m) be the third derivative of -m**5/60 + m**4/3 + 5*m**2. Calculate j(g).
0
Suppose 3*f = -17*f + 80. Let k(b) = 12*b - 1. Determine k(f).
47
Let d(o) = o**3 - 5*o**2 - 5*o - 4. Suppose 40*z - 37*z = -6. Let h be 5*((-12)/(-10) - (-2 - z)). Give d(h).
2
Let w(r) be the second derivative of -r**4/12 + r**3/3 - 2*r**2 + 338*r. Let k = -1 - -4. Calculate w(k).
-7
Let f(w) = w**2 - 7*w - 4. Suppose 2*h - 2*r = -h + 355, 3*h - r - 359 = 0. Suppose 0 = i + 115 - h. What is f(i)?
-10
Let j(m) = m + 18. Let p be j(-14). Suppose 10 = p*y + l - 3, -4*l = -5*y + 11. Let i(h) = h**2 - 5*h + 2. Calculate i(y).
-4
Let q be ((-1)/(-3))/(2/18). Let l(r) = r**2 - 6*r - 5. Let j(u) = -3*u**2 + 17*u + 16. Let g(b) = q*j(b) + 8*l(b). Give g(6).
-10
Let c = -23 - -38. Suppose 0 = 2*t + t - c. Suppose -10 = -t*l + 10. Let o(s) = s**2 - s - 2. Calculate o(l).
10
Let z(w) be the first derivative of -21*w**4/4 + w**2 + w +